{"id":27,"date":"2024-03-27T17:39:17","date_gmt":"2024-03-27T17:39:17","guid":{"rendered":"https:\/\/api-desapego.fabionovais.com.br\/?page_id=27"},"modified":"2024-08-02T21:41:54","modified_gmt":"2024-08-02T21:41:54","slug":"produtos","status":"publish","type":"page","link":"https:\/\/api-desapego.fabionovais.com.br\/index.php\/produtos\/","title":{"rendered":"Produtos"},"content":{"rendered":"","protected":false},"excerpt":{"rendered":"","protected":false},"author":1,"featured_media":0,"parent":0,"menu_order":0,"comment_status":"closed","ping_status":"closed","template":"","meta":{"_acf_changed":false,"footnotes":""},"acf":{"produtos":[{"nome":"Leitor e gravador de DVD Externo","imagens":[306],"descricao":"Leitor e gravador CD\/DVD externo, <strong>novo<\/strong>. Conex\u00e3o USB.","preco":50,"status":"vendido"},{"nome":"T\u00eanis Adidas - Cinza ","imagens":[154],"descricao":"<strong>Tamanho:<\/strong> 40\r\nPouqu\u00edssimo uso. Estado de novo.","preco":90,"status":"disponivel"},{"nome":"T\u00eanis Adidas Branco","imagens":[47,46],"descricao":"<strong>Tamanho:<\/strong> 39\r\n<strong>Obs.:<\/strong> Est\u00e1 um pouco amarelado por estar guardado, mas tem pouco uso.","preco":35,"status":"vendido"},{"nome":"Mesa dobr\u00e1vel TokStok","imagens":[293,292],"descricao":"Mesa dobr\u00e1vel TokStok.\r\n\r\nExcelente estado de conserva\u00e7\u00e3o.\r\n\r\n<strong>Medidas da mesa fechada:\r\n<\/strong>78cm A x 85cm L x 54cm P\r\n\r\n<strong>Medidas da mesa aberta:\r\n<\/strong>76,5cm A x 85cm L x 108cm P\r\n\r\nRefer\u00eancia: <a href=\"https:\/\/www.tokstok.com.br\/mesa-elastica-1-08-m-x-85-cm-nozes-branco-peti\/p\" target=\"_blank\" rel=\"noopener\">Link TokStock<\/a>","preco":350,"status":"vendido"},{"nome":"Teclado Bluetooth para computadores, tablets e notebooks - Novo","imagens":[305,304,307],"descricao":"Teclaro OEX Bluetooth <strong>Novo. <\/strong>Compat\u00edvel com desktop, tablets e notebooks. Confort\u00e1vel e com teclado num\u00e9rico.","preco":100,"status":"disponivel"},{"nome":"Cadeiras dobr\u00e1veis Tramontina","imagens":[267,268,266],"descricao":"Cadeira dobr\u00e1vel Tramontina. Mega resistente, suportanto at\u00e9 120kg.\r\n\r\nDobr\u00e1vel e funcional.\r\n\r\n<strong>Refer\u00eancia: <\/strong><a href=\"https:\/\/www.mercadolivre.com.br\/cadeira-de-madeira-teca-com-encosto-e-assento-marrom-potenza\/p\/MLB31786805?pdp_filters=category:MLB1574#searchVariation=MLB31786805&amp;position=4&amp;search_layout=grid&amp;type=product&amp;tracking_id=a9800544-ddec-4e07-9a7a-a5c0ccd1a67f\" target=\"_blank\" rel=\"noopener\">Link Mercado Livre<\/a>\r\n\r\n4 unidades dispon\u00edveis (prefer\u00eancia para quem quiser ficar com as 4 cadeiras)\r\n\r\n<strong>R$100 cada unidade<\/strong>.\r\n\r\n&nbsp;","preco":100,"status":"vendido"},{"nome":"Capa imperme\u00e1vel para colch\u00e3o","imagens":[55],"descricao":"Capa imperme\u00e1vel para colch\u00e3o de casal:\r\n<strong>Medidas:<\/strong> 1,88m x 1,38m x 0,15m\r\n<strong>Sem uso.<\/strong>","preco":60,"status":"disponivel"},{"nome":"Difusor de ch\u00e1","imagens":[59],"descricao":"Difusor de ch\u00e1.\r\n<strong>2 unidades dispon\u00edveis. O valor \u00e9 unit\u00e1rio.<\/strong>\r\n<strong>Sem uso<\/strong>","preco":5,"status":"disponivel"},{"nome":"Gancho para tolhada - Banheiro","imagens":[62],"descricao":"Gancho para tolhas, em metal. Material de excelente qualidade.\r\nPreto, semi-fosco.\r\n<strong>Sem uso<\/strong>\r\n\r\nRefer\u00eancia: <a href=\"https:\/\/www.leroymerlin.com.br\/cabideiro-duplo-savoy-preto-sensea_89671610\" target=\"_blank\" rel=\"noopener\">Link para Leroy Merlin<\/a>","preco":30,"status":"disponivel"},{"nome":"Adaptador para fog\u00e3o de indu\u00e7\u00e3o","imagens":[150,151],"descricao":"Chapa adaptadora para fog\u00e3o de indu\u00e7\u00e3o. Com ele voc\u00ea pode usar qualquer tipo de panela.\r\n\r\n<strong>Refer\u00eancia:<\/strong> <a href=\"https:\/\/produto.mercadolivre.com.br\/MLB-3435229422-adaptador-de-fogo-de-induco-difusor-conversor-chapa-induc-_JM?variation=177325693580#reco_item_pos=1&amp;reco_backend=recomm-platform_ranker_v2p&amp;reco_backend_type=low_level&amp;reco_client=vip-v2p&amp;reco_id=abd23f16-b033-41a4-a65a-3cebc3468b7e\" target=\"_blank\" rel=\"noopener\">Link para Mercado Livre<\/a>","preco":50,"status":"disponivel"},{"nome":"M\u00e3o francesa dobr\u00e1vel","imagens":[68],"descricao":"M\u00e3o francesa branca, dobr\u00e1vel, 24cm. Material de excelente qualidade.\r\n<strong>Sem uso.<\/strong>\r\n\r\nRefer\u00eancia: <a href=\"https:\/\/produto.mercadolivre.com.br\/MLB-978870961-suporte-dobravel-par-25cm-30cm-tampo-mesa-mo-francesa-_JM\" target=\"_blank\" rel=\"noopener\">Link para Mercado Livre<\/a>","preco":20,"status":"disponivel"},{"nome":"Paletes - apoio para plantas","imagens":[69],"descricao":"Paletes em madeira utilizados para apoiar vaso de planta.\r\n<strong>Medida aproximada:<\/strong> 30x30cm\r\n<strong>3 unidades dispon\u00edveis - Valor por unidade.<\/strong>","preco":10,"status":"disponivel"},{"nome":"Prateleira de f\u00e1cil instala\u00e7\u00e3o","imagens":[74],"descricao":"<strong>2 unidades dispon\u00edveis - Valor por unidade.<\/strong>","preco":10,"status":"disponivel"},{"nome":"Porta-len\u00e7o umidecido","imagens":[75],"descricao":"Porta len\u00e7o umidecido. Pode ser colado com fita-dupla face ou pendurado com parafuso.\r\n\r\n<strong>2 unidades - valor por unidade<\/strong>","preco":10,"status":"disponivel"},{"nome":"Porta-len\u00e7o umidecido","imagens":[76],"descricao":"Porta-len\u00e7o umidecido Tupperware","preco":40,"status":"disponivel"},{"nome":"Sand\u00e1lia florida","imagens":[81,82],"descricao":"Sand\u00e1lia florida, forma pequena. O tamanho \u00e9 39, mas deve cal\u00e7ar 38.","preco":50,"status":"vendido"},{"nome":"Sand\u00e1lia em camur\u00e7a","imagens":[84,83],"descricao":"Sand\u00e1lia em camur\u00e7a marrom, tamanho 39","preco":20,"status":"vendido"},{"nome":"Suporte articulado para monitor - Profissional","imagens":[85,86],"descricao":"Suporte articulado para monitores de 20 a 35\". Pist\u00e3o a g\u00e1s.\u00a0 Muito resistente e flex\u00edvel. Pode ser fixado na mesa ou escrivaninha com sistema de mor\u00e7a.\r\n\r\n<strong>Refer\u00eancia:<\/strong> <a href=\"https:\/\/www.amazon.com.br\/gp\/aw\/d\/B07PPTHZSJ\/?_encoding=UTF8&amp;pd_rd_plhdr=t&amp;aaxitk=7a9eef224005d872ed77c9db39d909fd&amp;hsa_cr_id=0&amp;qid=1711659896&amp;sr=1-2-9e67e56a-6f64-441f-a281-df67fc737124&amp;ref_=sbx_be_s_sparkle_lsi4d_asin_1_title&amp;pd_rd_w=otw5R&amp;content-id=amzn1.sym.bc3a2107-1032-4eec-96a9-e6dd7c74aad5%3Aamzn1.sym.bc3a2107-1032-4eec-96a9-e6dd7c74aad5&amp;pf_rd_p=bc3a2107-1032-4eec-96a9-e6dd7c74aad5&amp;pf_rd_r=ZY3JJBDYPTD08NSW2N6H&amp;pd_rd_wg=IQS2t&amp;pd_rd_r=e04b783c-3cc4-458a-ae7e-868525e074dd\" target=\"_blank\" rel=\"noopener\">Link para Amazon<\/a>","preco":120,"status":"disponivel"},{"nome":"Gancho de parede","imagens":[87],"descricao":"Gancho para pendurar cadeiras, escada, bicicleta, mangueira, etc.\r\n<strong>Suporta at\u00e9 20kg<\/strong>","preco":10,"status":"vendido"},{"nome":"Esteira de silicone - geladeira","imagens":[88],"descricao":"Esteira de silicone para auxiliar no empilhamento de latas e garrafas.","preco":5,"status":"disponivel"},{"nome":"Suporte com ventosa para papel higi\u00eanico","imagens":[89],"descricao":"Suporte para papel higi\u00eanico com ventosa para fixa\u00e7\u00e3o","preco":15,"status":"vendido"},{"nome":"Suporte fixo para TV","imagens":[93],"descricao":"Suporta at\u00e9 55 polegadas.","preco":10,"status":"vendido"},{"nome":"Ventilado sem h\u00e9lice","imagens":[100],"descricao":"Ventilador de mesa (pequeno) sem h\u00e9lice. Seguran\u00e7a total e sem sujeira.\r\n<strong>Obs.:<\/strong> N\u00e3o acompanha a fonte. Necess\u00e1rio fonte de 5v para funcionamento","preco":15,"status":"disponivel"},{"nome":"Webcam full HD, com microfone","imagens":[102,101],"descricao":"Webcam full HD, com microfone","preco":50,"status":"disponivel"},{"nome":"Aquecedor mondial","imagens":[160,161],"descricao":"Aquecedor Mondial, 110v.\r\n<strong>Obs.:<\/strong> Rachadura na parte pl\u00e1stica frontal . N\u00e3o compromete em nada o funcionamento","preco":90,"status":"disponivel"},{"nome":"Google Nest Mini","imagens":[168,240],"descricao":"O Google Nest \u00e9 uma assistente virtual do Google, assim como a Alexa.","preco":100,"status":"disponivel"}]},"_links":{"self":[{"href":"https:\/\/api-desapego.fabionovais.com.br\/index.php\/wp-json\/wp\/v2\/pages\/27"}],"collection":[{"href":"https:\/\/api-desapego.fabionovais.com.br\/index.php\/wp-json\/wp\/v2\/pages"}],"about":[{"href":"https:\/\/api-desapego.fabionovais.com.br\/index.php\/wp-json\/wp\/v2\/types\/page"}],"author":[{"embeddable":true,"href":"https:\/\/api-desapego.fabionovais.com.br\/index.php\/wp-json\/wp\/v2\/users\/1"}],"replies":[{"embeddable":true,"href":"https:\/\/api-desapego.fabionovais.com.br\/index.php\/wp-json\/wp\/v2\/comments?post=27"}],"version-history":[{"count":142,"href":"https:\/\/api-desapego.fabionovais.com.br\/index.php\/wp-json\/wp\/v2\/pages\/27\/revisions"}],"predecessor-version":[{"id":317,"href":"https:\/\/api-desapego.fabionovais.com.br\/index.php\/wp-json\/wp\/v2\/pages\/27\/revisions\/317"}],"wp:attachment":[{"href":"https:\/\/api-desapego.fabionovais.com.br\/index.php\/wp-json\/wp\/v2\/media?parent=27"}],"curies":[{"name":"wp","href":"https:\/\/api.w.org\/{rel}","templated":true}]}}